v**2 + v + 3974. Let g be y(0). Suppose -g = -2*k + 5*q + 5132, k - 4535 = -2*q. Suppose 6*w - k = -w. Is w prime?
False
Let y be -3 + (0 - -1 - 1). Is y/27 - 216256/(-36) a composite number?
False
Let d(l) = -14*l + 17*l - 84 + 49. Is d(24) a composite number?
False
Let s(z) = 127*z - 35. Let o(h) = -634*h + 178. Let u(y) = -2*o(y) - 11*s(y). Is u(-40) prime?
True
Is 12 - 4 - ((-3 - 7033) + -7) a composite number?
True
Suppose 2*q + 3*j = 92, 5*q - 126 = -2*j + 126. Suppose -2*h + 56 = q. Suppose -7*i = -2*i + 15, -3*i = -h*f + 175. Is f composite?
False
Let w be 3 - (-2 + 0 + 0). Suppose f = 5*f + z + 143, -w*z = -3*f - 136. Let b = 2 - f. Is b prime?
False
Let n = 219794 - 114145. Is n prime?
True
Is 2155 - (-10 + 7 + -3 + 2) composite?
True
Let w = -653943 + 1313950. Is w a composite number?
True
Let o = -458611 - -829902. Is o prime?
True
Suppose -2*d + 274206 = 3*p - 2201095, 0 = -d + 4*p + 1237645. Is d prime?
False
Is (-248 - -74)*(-23602)/12 a prime number?
False
Let r(g) = -12*g**2 - 3*g - 9. Let a be r(4). Let b = a + 756. Suppose 4*f = 1997 + b. Is f prime?
False
Let d = 90677 + -14058. Is d composite?
True
Suppose 53*r = 69*r - 2333776. Is r a prime number?
True
Let x be 1*(5 - 18/6) + 619. Suppose -2*k - 755 = -5*n, 4*n - x = 3*k + 2*k. Is n a prime number?
True
Suppose 5*h - 77 + 62 = 0. Let b be (-5)/(-8 + h)*2208. Suppose 3*p = -5*k + 285 + b, -5*k + p + 2509 = 0. Is k prime?
False
Suppose f - 5 = -4*v, 10 = -4*v - 3*f + 25. Suppose -2*a = -x + 207, -2*x + 418 = -v*x - 5*a. Is x composite?
False
Let c(s) = -s**3 + 3*s**2 + 9*s + 8. Let v be c(5). Suppose 4*n - 5*l - 7066 = 0, 4*n + v*l - 454 = 6628. Let j = n + -880. Is j composite?
True
Suppose 3*b - 10*b - 16009 = 0. Let z(k) = -805*k**2 + 2*k + 1. Let n be z(-1). Let y = n - b. Is y prime?
True
Suppose -72*n + 1504471 = 21*n - 5044496. Is n composite?
True
Suppose -4*a - 3*q + 347237 = 0, -5*q - 260464 = 2*a - 5*a. Is a composite?
False
Let b(p) = -151*p + 157. Let c(i) = 41*i + 42. Let h be c(-2). Is b(h) composite?
False
Suppose -69*q - 187610 + 1603041 = -26*q. Is q a composite number?
False
Let h be 24*1974/12 + -2. Let g = 145 + h. Is g a prime number?
True
Let w = 34767 + -14008. Is w composite?
False
Suppose -1092466 = -9*k + 406403. Is k composite?
False
Let z be 56 + 3 + -4 + -3 + 1. Suppose -47*r - 50226 = -z*r. Is r a composite number?
True
Suppose 5*h + 90*g = 91*g + 2098, h - 4*g - 431 = 0. Is h a prime number?
True
Let r = 217 + -232. Let v(w) = 6*w**2 - w - 48. Is v(r) prime?
False
Suppose -79*y + 72*y + 59024 = 0. Suppose 5*l = -2*n + 22259 - y, 3*n + 13847 = 5*l. Is l a composite number?
False
Suppose -17 = 4*y + 4*w + 11, y - w = 1. Is (-422370)/(-57) + (y - -2) + 2 a composite number?
False
Suppose -1767885 = -9*y - 356712. Is y composite?
False
Let o = -93 + 86. Let y be (3/1 - (o - -14)) + -7. Is (-3320)/(-6) + y/33 a prime number?
False
Let g(d) = -762*d - 1. Let f be g(-2). Suppose 4*v = -3269 - f. Is (v/4)/((-20)/200) composite?
True
Let n be 0/(-3*(-2)/2). Suppose 54*t - 45*t - 18729 = n. Is t a prime number?
True
Let c(t) = 1468*t**2 + 184*t + 745. Is c(-4) a composite number?
False
Let t be -3 + (3 + 9)/3. Let c be (t + (-2)/4)*10. Suppose -2*r = 3*g - 115, -c*r + 47 = -0*g + g. Is g a composite number?
False
Suppose -80*w + 989001 = -348199. Is w prime?
False
Let k(j) = -j**2 + 1. Let w(g) = 27*g**2 - 14*g - 14. Let r(b) = 2*k(b) + w(b). Let l = 1415 - 1408. Is r(l) composite?
True
Let h(q) = 3*q - 14. Let j(s) = -4*s + 14. Let r(d) = -3*h(d) - 2*j(d). Let t be r(5). Is (3126/(-4))/((162/(-24))/t) composite?
True
Let z = -144 - -216. Suppose -2*c + 4*u = 3*u + 137, c - 4*u = -z. Let h = -15 - c. Is h composite?
False
Let i = 12 - 7. Let y be 752/(-6)*78/(-52). Suppose -y + 3 = -i*d. Is d composite?
False
Let f(t) = 8*t - 226. Let w be f(23). Let a = -186 - -287. Let i = w + a. Is i a prime number?
True
Let h(s) = s**3 - 19*s**2 - 42*s + 75. Let m be h(21). Suppose -76*q = -m*q - 4607. Is q composite?
True
Is (-2)/4 + 2824110/180 a composite number?
True
Let u(i) = 603*i**2 - 12*i - 2. Let h be ((-112)/(-48))/(1/(-3)). Is u(h) composite?
False
Let y(c) be the third derivative of 2*c**5/15 + 5*c**4/4 + 125*c**3/6 + 9*c**2 - 3. Is y(-16) a prime number?
True
Suppose -249 = -4*w - 3*l + 2090, -2*w - 4*l + 1162 = 0. Suppose 2174 + w = 11*i. Is i prime?
True
Suppose 0 = 4*h + 2*m - 551805 - 54513, -3*m - 9 = 0. Is h composite?
True
Suppose 33*s + 33*s = 30*s + 7191972. Is s a composite number?
False
Let j = 82 + -96. Let l be 88/j + (-4)/(-14). Is l/56*-7 + (-3586)/(-8) a prime number?
True
Suppose -37*n + 24 = -25*n. Suppose 2*v = -4*s + v + 23, -s + 11 = n*v. Suppose -h + 2207 = -j, -3*j = -s*h - 172 + 11199. Is h prime?
True
Is (2 - 1)/((-48)/(-1432848)) composite?
False
Let q(u) = u - 3. Let k be q(-4). Let h be (-7 - (-2 - 6))*(0 + -1). Is (-3 - h - -1)*k a prime number?
True
Let q(r) = -r**2 - 11*r - 12. Let n be q(-8). Let f be 4/3 - (-6140)/n. Let h = 1006 - f. Is h composite?
True
Let d = -35040 - -67729. Is d a prime number?
False
Suppose -3*c = 4*s + 7, -4*s + c - 19 = -0*c. Let i be s/(-1 + 0) - (-2176)/(-2). Is 1 - 2 - (-4 + i*1) a prime number?
True
Let c be (212/14)/2 - 216/(-504). Is (-1439)/(5/(-1) + c/2) composite?
False
Suppose -5*x = -3*f + 179504, 16*x + 2 = 14*x. Is f a composite number?
False
Suppose -3063770 = -74*o + 3619688. Is o a composite number?
True
Let a(x) = -12097*x + 555. Is a(-2) composite?
False
Is 7 - (4/(-1) + 735/(-5)) composite?
True
Let m(i) = -i**2 + 31*i + 144. Let p be m(35). Suppose -u - 127185 = -4*w - 45556, 3*w = p*u + 61225. Is w prime?
True
Let x(j) = 22*j + 154. Let l be x(-7). Suppose -5*r + 1504 + 2251 = l. Is r a composite number?
False
Suppose -4*y = -3*f + 3122, -2*f + 2*y = -3*y - 2093. Let q = -589 + f. Is q prime?
False
Let u = 72 + -49. Let i(k) = k**2 + 8*k - 100 + u*k**2 + 95. Is i(6) composite?
False
Let d(q) = 52*q - 65. Let r be -14*(7/6 + 8/(-12)). Let u be d(r). Let f = u + 1618. Is f composite?
True
Is (5*(-10)/(-30))/(30/816084) a prime number?
False
Let v(t) = t**2 - 3*t + 3. Let z be v(0). Let c(h) = 56*h. Let k(u) = 58*u - 1. Let o(s) = z*k(s) - 2*c(s). Is o(22) a composite number?
False
Is (0 + (-989481)/(-244)*(-8)/3)*-1 composite?
True
Let v = -11822 + 16719. Let q = -2078 + v. Is q composite?
False
Let i(u) = 8570*u**2 + 16*u + 31. Is i(-3) prime?
False
Let o = 50870 - 21083. Is o composite?
True
Suppose -5*f + 0*f + 2*c + 324708 = 0, 194828 = 3*f - 2*c. Suppose 18*t = -2*t + f. Is t prime?
False
Let c(p) be the first derivative of -p**2/2 - p - 2. Let b(j) = -3*j**2 - 16*j - 1. Let l(z) = -b(z) + 6*c(z). Is l(-12) a composite number?
False
Let j be 5/4 + (9/12 - 0). Suppose -2*v + 4151 = 5*r, 6*r + 1664 = 8*r + j*v. Is r a composite number?
False
Let q = -528183 - -902182. Is q a prime number?
True
Suppose -11*d = 5504 - 488. Let b = -2970 + 1879. Let j = d - b. Is j prime?
False
Let w(u) = 10*u + 33. Let b be w(-3). Suppose -7171 = -b*r + 8261. Suppose 5*i = -3*t + 6470, -i + 4*t = 3*i - r. Is i a prime number?
True
Let v be -3 + 955/5 + -1. Let w = 25 - 23. Suppose m = -4*o + v, -m + 0*m + w*o + 211 = 0. Is m a prime number?
False
Let o = -237128 - -789429. Is o composite?
False
Suppose -4*b = 38*y - 35*y - 64507, -3*b = -4*y - 48399. Is b a composite number?
True
Suppose 27*r - 21*r = -12. Is (r + 1044)*3/2 composite?
True
Let o = 12739 + 1500. Is o prime?
False
Let u = 43 - 50. Let q be (-7)/14 + u/(-2). Suppose q*h + 4*h - 4781 = 0. Is h prime?
True
Suppose 0 = 2*u + 5*p - 803802, -1665*p = -3*u - 1670*p + 1205693. Is u composite?
True
Let k be (15 + -3)/((1 - 3)/(-2)). Let z be (-196)/k*(3 - -87) + 2. Is z/12*-3*1*2 a prime number?
False
Let c(k) be the first derivative of k**4/4 + 2*k**3 + 7*k**2/2 + 5*k + 20. Let z(v) = -v**2 + 8*v - 5. Let g be z(2). Is c(g) composite?
False
Let o = 205 - 181. Suppose 40212 = 12*u + o*u. Is u a composite number?
False
Suppose 0 = 12*q - 163 - 461. Is 88504/q + (-1)/(1 + -2) prime?
False
Let w(a) = -a**3 + 3*a**2 - 3*a + 4. Let o be w(2). Suppose 2*f - 280 = -0*f - o*d, -f - 3*d = -142. Suppose -r = -2777 + f. Is r composite?
True
Suppose 179*z - 105*z + 116*z - 190436810 = 0. Is z a prime number?
True
Let h = -127 - -147. Is (1 